{"id":28,"date":"2012-02-27T13:12:05","date_gmt":"2012-02-27T11:12:05","guid":{"rendered":"http:\/\/villakanger.fi\/?page_id=28"},"modified":"2012-02-28T22:29:12","modified_gmt":"2012-02-28T20:29:12","slug":"palvelujen-saatavuus","status":"publish","type":"page","link":"https:\/\/villakanger.fi\/?page_id=28","title":{"rendered":"Palvelujen saatavuus"},"content":{"rendered":"<p>Rukalle 12 km, jonka alueella mm.<\/p>\n<ul>\n<li>Kaupat<\/li>\n<li>Rinteet<\/li>\n<li>Hiihtohissit<\/li>\n<li>Ravintolat<\/li>\n<li>Taksi<\/li>\n<\/ul>\n<p>Kuusamon keskustaan 25 km<br \/>\nKuusamon lentokent\u00e4lle 25 km<br \/>\nMoottorikelkkareitti 6km (yhteys reitille j\u00e4rven kautta)<br \/>\n<span>L\u00e4himm\u00e4lle hiihtoladulle 6 km<br \/>\n<\/span><\/p>\n","protected":false},"excerpt":{"rendered":"<p>Rukalle 12 km, jonka alueella mm. Kaupat Rinteet Hiihtohissit Ravintolat Taksi Kuusamon keskustaan 25 km Kuusamon lentokent\u00e4lle 25 km Moottorikelkkareitti 6km (yhteys reitille j\u00e4rven kautta) L\u00e4himm\u00e4lle hiihtoladulle 6 km<\/p>\n","protected":false},"author":1,"featured_media":0,"parent":0,"menu_order":3,"comment_status":"open","ping_status":"open","template":"","meta":{"footnotes":""},"class_list":["post-28","page","type-page","status-publish","hentry"],"_links":{"self":[{"href":"https:\/\/villakanger.fi\/index.php?rest_route=\/wp\/v2\/pages\/28","targetHints":{"allow":["GET"]}}],"collection":[{"href":"https:\/\/villakanger.fi\/index.php?rest_route=\/wp\/v2\/pages"}],"about":[{"href":"https:\/\/villakanger.fi\/index.php?rest_route=\/wp\/v2\/types\/page"}],"author":[{"embeddable":true,"href":"https:\/\/villakanger.fi\/index.php?rest_route=\/wp\/v2\/users\/1"}],"replies":[{"embeddable":true,"href":"https:\/\/villakanger.fi\/index.php?rest_route=%2Fwp%2Fv2%2Fcomments&post=28"}],"version-history":[{"count":5,"href":"https:\/\/villakanger.fi\/index.php?rest_route=\/wp\/v2\/pages\/28\/revisions"}],"predecessor-version":[{"id":182,"href":"https:\/\/villakanger.fi\/index.php?rest_route=\/wp\/v2\/pages\/28\/revisions\/182"}],"wp:attachment":[{"href":"https:\/\/villakanger.fi\/index.php?rest_route=%2Fwp%2Fv2%2Fmedia&parent=28"}],"curies":[{"name":"wp","href":"https:\/\/api.w.org\/{rel}","templated":true}]}}